rivative of -3*o**2/2 - 34*o - 929. Give y(-10).
-4
Let m(b) be the second derivative of b**3/6 + 3*b**2 + 4*b. Determine m(-2).
4
Let n(l) = 4*l - 7. Let z(d) = 9. Let x(o) = o + 19. Let j(r) = 3*x(r) - 7*z(r). Let s(c) = -6*j(c) + 5*n(c). What is s(2)?
5
Let t(m) be the second derivative of m**5/20 + m**4/4 - 3*m**2/2 - 4*m. Let a be t(-3). Let k(c) = c**3 + 3*c**2 - 1. Give k(a).
-1
Let i(x) = 0*x - 5*x - 6692 - x**2 + 6697 + 4*x. Suppose 7 = -3*w - 5. Calculate i(w).
-7
Let p(b) be the second derivative of -b**4/12 + 5*b**3/2 + 19*b**2/2 + 47*b + 1. Give p(16).
3
Let k(v) = -v**2 - 11*v + 13. Let u be k(-12). Let n be (1 - 0)*-23*u. Let d = -21 - n. Let t(y) = 2*y**3 - 2*y**2 + 3*y - 2. Calculate t(d).
12
Let d = -12081 + 12075. Let p(g) be the first derivative of g**5/120 + g**4/24 + g**3/3 - 1. Let m(r) be the third derivative of p(r). Give m(d).
-5
Let i(x) = -11*x**2 + 22*x - 46. Let r(p) = 4*p**2 - 7*p + 18. Let n(k) = -3*i(k) - 8*r(k). Calculate n(11).
5
Let f(d) = -2*d + 7. Let t(l) = -3*l + 14. Suppose -4*j - 1 = -13. Let i(b) = j*t(b) - 5*f(b). Determine i(-5).
2
Let s be 28/6 - 2/(-6). Let o(f) = 2*f**2 + 3*f + 5. Let j(w) = 2*w**2 + 3*w + 4. Let c = -564 - -558. Let d(i) = c*j(i) + s*o(i). Give d(2).
-13
Let m(c) = -c**3 + 13*c**2 - 6*c - 8. Let n be m(11). Let f(j) = 3 - 169*j**3 - 3 + n*j**3 + j**2 - j. Determine f(0).
0
Let d(z) be the second derivative of z**5/20 - 5*z**4/6 - z**3/3 + 11*z**2/2 - 12*z - 9. Determine d(10).
-9
Let x be (-9)/(-3) - (-2)/(-2). Let c be 2250/35 - (-6)/(-21). Let d(t) = 0*t**2 + 66*t - 2*t**2 - c*t. What is d(x)?
-4
Suppose 4*d = 5*d. Let c(a) = 1 - a + 2*a + 0 + d. What is c(1)?
2
Let n(a) = -a**3 - 13*a**2 + 11*a + 5. Let j(l) = -2*l**2 + 2*l. Let v(s) = -6*j(s) + n(s). Give v(0).
5
Let c(b) = -b**2 - 4*b - 2. Let h be (-2)/(-7) + (68/7 - 8). Suppose -8*y = -3*y - 15. Suppose -i = 2*a + 5, h*a + 5 = y*i - 12. Calculate c(a).
-2
Let o(p) = p**2 - 3*p - 25. Let m(s) = 8*s + 119. Let v be m(-14). Calculate o(v).
3
Let q(i) = 19*i - 16. Let h(u) = -12*u + 10. Let x(z) = 8*h(z) + 5*q(z). Calculate x(-2).
2
Let z(c) = 4*c + 1. Let k(s) = -2*s. Let x(t) = 3*k(t) + 2*z(t). Suppose 4*a = 2*a + 4. What is x(a)?
6
Let m(o) = o + 10. Let k(s) = 6*s + 50. Let w(g) = -2*k(g) + 11*m(g). What is w(-7)?
17
Let u(v) = v**2 + 7*v - 4. Let l = 357 - 361. Calculate u(l).
-16
Let j be (1 - 16/12) + 30/9. Suppose 4*f - j = -4*q + 1, 3*f = -q + 3. Let v(k) = k + k - 3 - k. Determine v(q).
-3
Let b(c) = -5*c + 9. Let i(y) = -2*y + 2. Let s(h) = b(h) - 5*i(h). Give s(-2).
-11
Let f(p) be the first derivative of -p**3/3 - 9*p + 196. Give f(0).
-9
Let z = 9 - -11. Let i = z + -18. Suppose i*w - 3 = -11. Let q(l) = -l - 5. Determine q(w).
-1
Let b(i) = -250*i + 2 + 2 + 247*i. Determine b(4).
-8
Let p(u) = -u**2 + 11*u. Let o be 2 + 16 - (-15 + 22). Give p(o).
0
Let z be -3 - (-32)/((-12)/(-3)). Let w(u) = u + 6. Let m(y) = 3. Let i(f) = 7*m(f) - 3*w(f). Let p(l) = l - 1. Let n(o) = z*p(o) + 2*i(o). What is n(2)?
-1
Let g = -1 + 4. Let j(c) = -c**3 + 35*c**2 - 34*c + 3. Let l be j(34). Let h(y) = 2*y + y**3 + y**3 - 5*y**g - 1 - y**2 + 2*y**l. What is h(1)?
-1
Let r(p) = 7*p + 2*p**2 + 1493588 - 1493588. Calculate r(-4).
4
Let o(m) be the second derivative of -7*m**3/3 + 19*m**2 - 30*m + 3. What is o(3)?
-4
Let r(f) = f**3 + 4*f**2 - 7*f - 2. Suppose 5*o - 4*m = -25, -5*m + 2*m = 0. What is r(o)?
8
Let t(o) be the third derivative of o**4/12 - 5*o**3/2 + 32*o**2. Let x be t(10). Let i(r) = -r**3 + 5*r**2 - 3. Give i(x).
-3
Let r(w) = -6*w**2 + 44*w + 1. Let y(c) = 7*c**2 - 51*c - 2. Let t(q) = 6*r(q) + 5*y(q). What is t(9)?
-4
Let d(r) = -r**3 + 13*r**2 - 12*r + 1. Let m = -1 + -8. Let o be ((-12)/m)/(1/9). Let j be d(o). Let t(v) = 6*v + 1. Calculate t(j).
7
Let m be ((-25)/(-15))/(1 + (-4)/9). Let p(f) = f**3 - 3*f**2 + 5*f - 10. Determine p(m).
5
Let z be (-458)/66 - 56/924. Let k(h) = -h**3 - 8*h**2 - 8*h + 5. Calculate k(z).
12
Let c(k) be the third derivative of -4*k**2 - 1/60*k**5 + 2/3*k**3 + 0 + 0*k - 1/8*k**4. Let j(d) = -2*d + 1. Let o be j(-1). Give c(o).
-14
Suppose 6 + 11 = 5*y - 2*z, -22 = -2*y - 3*z. Let w(a) = 2*a**2 + 10*a - 60. Let b(i) = -i**2 - 9*i + 42. Let r(k) = 3*b(k) + 2*w(k). Calculate r(y).
-4
Let b(q) be the first derivative of 1/4*q**4 + 9/2*q**2 - 3*q**3 - 5*q - 1. What is b(8)?
3
Let f(s) = 2*s - 3. Let j be ((-3)/3 - 1)*5. Let o be ((-8)/j)/(4/(-100)). Let n be (12/10)/((-6)/o). What is f(n)?
5
Let l(h) = h**3 + 5*h**2 + 4*h - 2. Let o be l(-4). Let b be (-1 + 6 + -3)*o. Let q(i) = 0*i + 0 - 1 + i + 0. Determine q(b).
-5
Let r(z) = -3 + 2*z - 2 + 6. Let s(q) be the second derivative of q**5/20 + 7*q**4/6 + 2*q**3 - 5*q**2 - 15*q. Let a be s(-13). Determine r(a).
7
Let r(y) = -3*y - 8. Suppose 2*m + 12 = -2*m. Let l(w) = -6*w - 15. Suppose 0*x + 5*x = 4*z - 40, -2 = 2*z + 3*x. Let o(g) = m*l(g) + z*r(g). Calculate o(-4).
-7
Let v(w) = -w - 1. Let a be 8 + (-2)/4 + 49/(-14). Determine v(a).
-5
Let w(x) = -5*x**3 + 15*x**2 - 19*x - 5. Let k(c) = 2*c**3 - 7*c**2 + 9*c + 3. Let z(v) = -7*k(v) - 3*w(v). Let s = -65 + 60. Calculate z(s).
-1
Let j(a) be the third derivative of -a**5/120 + a**4/8 - 5*a**3/2 + 11*a**2. Let k(p) be the first derivative of j(p). What is k(7)?
-4
Let b(k) = -k**3 + 2*k**2 - k + 2. Let u = -15 + 23. Suppose -2*w = -u, -v = 5*w - 13 - 3. Let f be ((-12)/18)/(v/18). Give b(f).
-10
Let l(u) = u**2 + 4*u - 5. Suppose 4*f + 4*z + 8 + 0 = 0, f - 4*z + 22 = 0. Calculate l(f).
7
Let u(k) be the first derivative of 5*k**2/2 - 5*k + 92. What is u(2)?
5
Let p(a) = -22*a + 13. Let z(w) = 10*w - 7. Let o(b) = -6*p(b) - 11*z(b). Give o(-1).
-23
Let y(b) = -1 - b**3 - 5 + 9 - 6*b**2 + b - 6. Calculate y(-6).
-9
Let z(d) = -d - 6. Let q(j) = 3. Let v(l) = 1. Let u(w) = 3*q(w) - 8*v(w). Let g(m) = 6*u(m) + z(m). Determine g(6).
-6
Let x(u) = u**3 + 5*u**2 - 7*u + 1. Let n be x(-6). Suppose 3*f + 13 = -3*k + 7*f, -3*k - f + n = 0. Let p be (0*(-2)/(-4))/k. Let s(v) = v - 2. What is s(p)?
-2
Let c(z) be the second derivative of z**5/20 - 5*z**4/6 + 2*z**2 + 18*z. Determine c(10).
4
Suppose -5*a = 5*q - 4*a + 5, -a = 3*q + 3. Let d be (-10)/4*30/(-25). Let x(t) = d*t - 10*t**2 + 9*t**2 - 7*t**3 - 4*t. Calculate x(q).
7
Suppose -10*d = -8*d + 12. Let w(a) be the first derivative of 1/2*a**2 - 6*a + 2*a**3 + 1/4*a**4 + 5. Give w(d).
-12
Let j = -5 + 12. Let o(y) = -11*y**3 - 5*y**2 - y + 7. Let c(b) = -7*b**3 - 6*b**2 + b + 8. Let n(r) = -3*c(r) + 2*o(r). Determine n(j).
4
Let m(a) = -2*a - 3. Suppose 28 = -3*u - 4*c, 0 = -u + 4*u + 3*c + 30. What is m(u)?
21
Let f(c) be the second derivative of c**5/20 - c**4 + 2*c**3 - c**2/2 + 83*c. Determine f(11).
10
Let p = -1 + 4. Suppose 5*f - 4*q - q = -10, -p*q - 30 = 3*f. Let v(x) = -x**2 - 7*x - 9. Give v(f).
-3
Let f(n) = n - 10. Let l(g) = 2*g - 11. Let a be l(0). Let s = 19 + a. Suppose j - s + 1 = 0. Calculate f(j).
-3
Let l(v) = 2*v + v**2 - 5*v**2 + 7*v**2. Let z be (14/(-4) + 4)*-1*4. What is l(z)?
8
Let n(z) = 7*z**3 + 2*z - 7. Let v(f) = -5*f**3 + 2*f**2 - f + 7. Let b(l) = 3*n(l) + 4*v(l). Give b(-8).
-9
Let u be 17/(-4) + 12/(144/(-21)). Let r(j) = -3*j**3 - 22*j**2 + 11*j + 4. Let q(t) = t**3 + 7*t**2 - 4*t - 1. Let c(b) = 7*q(b) + 2*r(b). What is c(u)?
1
Let x(g) = g**2 + 20*g + 84. Let d(m) = 2*m**2 + 40*m + 179. Let a(k) = 6*d(k) - 13*x(k). What is a(-19)?
1
Let b(q) = 4*q**2 + 6*q - 2. Let c(d) = 7*d**2 + 13*d - 1. Let y(w) = -5*b(w) + 3*c(w). Determine y(-9).
7
Suppose v - 22 = -4*h + 5, 46 = 3*v + 5*h. Let p(q) be the third derivative of -q**6/120 + 7*q**5/60 + q**4/8 - 7*q**3/6 - 101*q**2. Give p(v).
14
Let x(b) = b**2 - 2*b - 6. Let u be 6/(-306)*6 - (-87)/17. Give x(u).
9
Let n(b) = -b - 1. Let o(v) = -v**2 + 12*v + 6. Let u(l) = 4*n(l) + o(l). Let k = 93 + -94. Let p be (k - 40/(-15))*(2 + 1). Determine u(p).
17
Let f(o) = -5*o + 3*o + 127 + 136 - 283. Give f(-9).
-2
Suppose 8*s - 254 = -278. Let b(j) = j**3 + 3*j**2 + 2*j + 1. What is b(s)?
-5
Let s(q) = -7 - 2*q + 34*q**2 + 33*q**2 - 68*q**2 + 8*q. Determine s(5).
-2
Let h(u) = -u**2 - 7*u + 1. Suppose 5*b + 10 = -5*l + 10*b, 5*l = -4*b - 46. What is h(l)?
7
Let c = -286 - -286. Let v(d) = 1 + 2 + 4 - d**3. Determine v(c).
7
Let v(p) be the second derivative of -3*p**2 